*x**4/24 + 103*x**3/6 + 33*x - 1. Let o(r) be the second derivative of w(r). Give o(-10).
9
Suppose 2*o = 27*o - 1275. Let q = 55 - o. Let i(a) be the second derivative of a**3/6 + 5*a**2/2 - 4*a. Determine i(q).
9
Let w(b) be the second derivative of -b**4/2 + 2*b**2 + 5702*b. Give w(-3).
-50
Let v(x) = 11*x - 2*x**2 + 31 - 1 + 1 + 0*x. Calculate v(7).
10
Let j(m) be the third derivative of m**6/120 + m**5/5 + 7*m**4/12 + 3*m**3/2 - 558*m**2 - m. Calculate j(-10).
69
Let d = 46 - 52. Let y(s) = s - 9. Let a(g) = -3. Let z(j) = -7*a(j) + 2*y(j). Give z(d).
-9
Suppose -3*y + 8*y = 830. Suppose -y*u + 164*u + 12 = 0. Let a(t) = 3*t**2 - 10*t - 17. Let k(j) = -j**2 + 3*j + 6. Let b(c) = -4*a(c) - 11*k(c). Give b(u).
8
Let z = 6421 + -6418. Let u(a) be the third derivative of a**4/8 - a**3/3 + 2*a**2. Determine u(z).
7
Suppose -18*m - 15*m + 33 = 0. Let w(o) = -12 + 6 - 3*o + m. Let r = -5 - 1. What is w(r)?
13
Let n(a) = -10*a**2 + 51*a + 92. Let c(d) = 34*d**2 - 162*d - 272. Let p(q) = 2*c(q) + 7*n(q). Calculate p(19).
5
Let d(i) = 4*i**2 + 155*i - 127 + 12 + 193*i - i**3 - 479*i + 169*i. Calculate d(3).
8
Let w(x) = x**3 - 6*x**2 - 2*x - 10. Let b(q) = -q**3 + 25*q**2 + 3*q + 604. Let a be b(26). Calculate w(a).
-22
Let i(x) = x**2 + 19*x + 19. Let p be i(-18). Let u(l) = -l - 3. Let m(t) = -3*t + 2. Let g(h) = p*m(h) - 4*u(h). Let a be -1*(8 - 0/(-1)). What is g(a)?
6
Suppose -3*b + 213 = -219. Let v be (-18)/b - 7/8. Let k(h) = -h - 3. Give k(v).
-2
Let c = 16 - 31. Let g(m) be the second derivative of m**5/20 + 5*m**4/4 + 4*m**2 - m. Let k be g(c). Let s(q) = -q**3 + 8*q**2 - 8. Give s(k).
-8
Let x(f) = f**3 + 9*f**2 + 10*f - 24. Let h be x(-7). Let y(l) = -7*l - 9 + 9 + 17. Give y(h).
-11
Suppose 2 + 0 = -z, 5*c - 1291 = 3*z. Let r(k) = -132 + c - 126 - 18*k. Calculate r(-1).
17
Let g(c) = c**2 + 12*c - 9. Let x(i) = 20*i - 64. Let y be x(3). Let s be -9 - (6/y - 275/(-50)). Calculate g(s).
4
Let c = 34 - 29. Suppose c*z - z = 2*d + 16, 4*d - 16 = -4*z. Let i(x) = -x**3 + x**3 + x - x**3 - 20*x**2 + 21*x**2. Determine i(d).
0
Let v(n) = -22*n - 68. Let l(j) = 35*j + 101. Let c(g) = -5*l(g) - 8*v(g). Calculate c(-11).
28
Suppose 3*g = -d - 5, 2*g = d + 3*d - 36. Suppose 2*b - 8*c = -d*c - 2, -3*c = -3*b. Let u(y) = 2*y**2 + 2*y + 1. What is u(b)?
5
Let g(d) = 3*d - 2. Suppose -31*t = -119 + 181. Calculate g(t).
-8
Let j = 11 + 5. Let m(o) = o**3 - 21*o**2 + 104*o + 49. Let r(h) = 2*h**3 - 43*h**2 + 228*h + 107. Let c(i) = 13*m(i) - 6*r(i). Calculate c(j).
-5
Let i(d) = -d. Let o(p) be the first derivative of -p**4/4 + 5*p**3/3 + 9*p**2/2 + 2*p + 37. Let t(v) = -4*i(v) - o(v). What is t(6)?
4
Let j(b) = 3*b + 3. Suppose 28*q + 59 = -25. Give j(q).
-6
Let y(p) = p**2 + 164*p + 11. Let z(l) = 2*l**2 + 472*l + 32. Let f(d) = 11*y(d) - 4*z(d). What is f(28)?
-7
Let u(l) = -l**2 + 6. Let r be u(4). Let c be 4/r + (-154)/(-35). Suppose -c*f = -2*f + 2, 0 = -j + 2*f + 5. Let v(w) = -w**3 + 4*w**2 - w - 2. What is v(j)?
4
Let f(m) = m**3 - 5*m**2 + 6*m - 7. Suppose -186 = -6*n - 174. Suppose i = -3*i - 5*v + 30, -24 = -4*i - n*v. Determine f(i).
23
Let i(f) = -f**3 - f - 1. Let m(c) = c**3 + 7*c**2 + c + 3. Let d be (19/(-57))/((-2)/(-3) - 1). Let z(h) = d*m(h) + 2*i(h). What is z(3)?
34
Suppose -10 = -k - 5*j, 60*k = 63*k + 4*j - 8. Let y(v) be the third derivative of 0 + 14*v**2 + k*v - 1/2*v**3 - 1/24*v**4. Determine y(-8).
5
Let p(n) = -22*n + 148. Suppose 0 = 4*r + 4*y - 12, 6 = -2*r - 7*y + 2*y. Calculate p(r).
-6
Let h(q) = 5*q**2 + 5 - 2 + 9 - 3*q - q**3. Suppose -2*g - k = -19, -g - 5*k - 311 + 361 = 0. Calculate h(g).
-3
Let o(u) = -117*u - 26 - 6 + 26*u**2 - 95*u - u**3 + 8 + 240*u. Calculate o(27).
3
Suppose 5 = -p + 4*g, 835*p - 3*g = 833*p + 10. Let l(k) = -37*k + 404. Calculate l(p).
-3
Let y be (564/517)/(-2*(-2)/22). Let t(h) = 7*h + 10*h + y + 4*h - 22*h. Calculate t(4).
2
Let n = 2649 - 2650. Let z(c) = -21*c**2 - c. What is z(n)?
-20
Let f(v) = -9624*v - 86620. Let n be f(-9). Let j(h) = 6*h**2 + 3*h + 10. Let a(s) = 11*s**2 + 7*s + 19. Let i(g) = -4*a(g) + 7*j(g). Calculate i(n).
-10
Let h(v) be the second derivative of -v**6/120 - v**5/60 - v**4/24 + v**3/2 + 97*v**2/2 - v + 21. Let r(k) be the first derivative of h(k). Give r(0).
3
Suppose -23*x + 17*x = 0. Let d(l) = 22 + 23*l**2 + 390*l**3 + x*l + l**2 - 389*l**3 + l. Let w be d(-24). Let j(i) = -i**2 - 2*i - 3. Give j(w).
-3
Let t = 123 + -119. Suppose 5*u + 278 = -t*q - 0*u, -4*q + u - 290 = 0. Let r = q + 70. Let p(i) = -i**3 + i**2 + i - 2. What is p(r)?
8
Let b(j) = j - 19. Suppose 5*n = 20, -8*o + 8 = -7*o + n. Suppose 26 = -o*a + 78. What is b(a)?
-6
Let k(p) = -p**2 - 3*p + 42. Let z(v) = -13*v + 20. Let g be z(2). Determine k(g).
24
Let f(m) = 6*m**2 - 2*m + 3. Suppose 22 = -d + 26. Suppose -4*s + 6*s = -d*o + 18, -5*s + 21 = -2*o. What is f(o)?
23
Let h(c) = -15*c - 19. Suppose -335*l + 330*l = 35. Let x(j) = 26*j + 38. Let b(s) = l*h(s) - 4*x(s). Calculate b(0).
-19
Let h(k) = 2*k**2 - 40*k + 68. Let f be 648/45*50/40. Give h(f).
-4
Let p(u) be the third derivative of u**5/30 - u**4/4 + 5*u**3/3 + 736*u**2 + 2. Calculate p(2).
6
Let t(i) = -i**3 + 6*i**2 - 6*i + 7. Let n(d) = d**3 - 11*d**2 + 15*d + 13. Let h be n(10). Suppose -113 = -10*u - h. What is t(u)?
2
Let n(b) be the second derivative of -b**4/6 + 5*b**3/6 + 5*b**2/2 + 787*b. What is n(6)?
-37
Let j(g) = 1 - 48*g + 23*g + 5*g + 9 + 19*g - 2. Suppose 20 = 3*m - 19. Determine j(m).
-5
Let a(l) = -3*l**2 - 32*l - 11. Let d(h) = 14*h**2 + 139*h + 52. Let f(q) = -9*a(q) - 2*d(q). Let o be (-3 - -2)*(1 + -11). Determine f(o).
-5
Let r(x) = 2*x**3 - 2*x**2 - 2*x + 1. Let w = 58 + 9. Suppose 72*h = w*h. Suppose 0 = n - 3 + 5, h = z + n. Calculate r(z).
5
Let j(t) = t**2 - 8*t - 2. Let c be ((-26)/(-5))/(2/(-10)). Suppose r = 3*h + 4*r - 96, -2*h + 58 = 5*r. Let i be h/(-221) + (-238)/c. What is j(i)?
7
Let k(i) = -2*i + 11. Suppose -237 = -15*d + 6348. Let a = d - 445. Give k(a).
23
Let i(b) = 11*b - 51. Suppose 5*x - 281*v + 280*v - 19 = 0, -3*v = -x + 1. Give i(x).
-7
Let n(d) = d**3 - d + 6. Let c(x) be the second derivative of -13*x**4/12 + 17*x**3/2 + 2*x**2 - 8*x. Let p be c(4). What is n(p)?
6
Let z(a) = 9*a - 2. Suppose 63*q - 59*q - 28 = 0, 4*f - 5*q = -71. What is z(f)?
-83
Let i(z) = z**3 + 6*z**2 - 9*z - 48. Let j be i(-6). Let o(k) = 4*k**2 + 11*k - 4. Let y(v) = -3*v**2 - 10*v + 3. Let t(p) = -4*o(p) - 5*y(p). Determine t(j).
1
Let f(s) = -4*s**2 - 1. Let n(x) = -x**3 + 3*x**2 - 1. Let v be n(1). Let l be 3*v/(-5)*-5. Suppose l = -6*c + 15. Give f(c).
-17
Suppose 15 = 6*h - 9. Suppose b + 3*b = -h, 4*v - 2*b + 10 = 0. Let n be 2/v + (-58)/(-6). Let u(p) = -p - 3. Give u(n).
-12
Suppose 0 = 73*k + 71*k - 391 - 329. Let y(a) be the first derivative of 6*a - 1/2*a**2 + k. Determine y(6).
0
Let c(r) = 16 - 120*r + 173*r + 13 - 52*r. Determine c(-11).
18
Let t = -2508 - -10033/4. Let f(q) be the third derivative of 1/120*q**6 - t*q**4 + 0*q**3 + 0 + 0*q + 1/12*q**5 + 12*q**2. Give f(-6).
0
Let u(n) = 2*n + 11. Let j(h) = h + 6. Let m(c) = -13*j(c) + 6*u(c). Let q = -172693 - -172680. Give m(q).
1
Let h(u) = 21 + 3*u**2 + 7*u**2 + 9*u - u**2. Let j(g) = -4*g**2 - 5*g - 10. Suppose 0 = -3*i - 1398 + 1389. Let l(r) = i*h(r) - 7*j(r). Give l(-7).
0
Let z be (-3)/(-2)*-2 - (-8 + 3). Let n be (-1)/2*z*43. Let b = n + 44. Let i(w) = -10*w**3 + 2*w**2 - 2*w + 1. Give i(b).
-9
Let f(w) = -3*w + 1457 - 1453 + 4*w. Suppose -2*r + l = -l - 38, 4*l - 44 = -r. Let b be (r/28)/1*-7. Determine f(b).
-2
Suppose -6 = -0*u + 2*u. Let l(x) = 28 - 35 - 32 - 5*x + 58 - 29. Determine l(u).
5
Let r(s) = -2*s**2 - 74*s + 34. Let n(a) = a**2 - 37*a + 15. Let x(j) = 7*n(j) - 3*r(j). Determine x(3).
9
Let s(a) = 11*a + 145. Suppose 49*u + 2952 = -146*u - 51*u. What is s(u)?
13
Let i(b) = b**2 - 4*b**2 - b + 0*b**2. Let z = 126 + -115. Suppose z*g - 11 = -0*g. What is i(g)?
-4
Let t(d) = -39*d**2 + 22*d - 9. Let p(x) = 11*x**2 - 7*x + 3. Let w(g) = -7*p(g) - 2*t(g). Suppose -l - 1 - 5 = 0. Determine w(l).
3
Suppose -19 = -3*s + 5*a, -3*s + 4*a - 19 = -39. Let j(o) = -146*o**3 + 10*o**2 + 2 - s*o + 73*o**3 + 72*o**3. What is j(9)?
11
Let w(h) = -7*h - 77. Let y(v) = 10. Let s(a) = w(a) + 6*y(a). Calculate s(-6).
25
Let y be 920/4